{"id":506,"date":"2024-03-14T16:55:55","date_gmt":"2024-03-14T16:55:55","guid":{"rendered":"https:\/\/www.themostbeautifulofourdays.eu\/?page_id=506"},"modified":"2024-10-14T18:49:02","modified_gmt":"2024-10-14T18:49:02","slug":"podcast","status":"publish","type":"page","link":"https:\/\/www.themostbeautifulofourdays.eu\/de\/podcast\/","title":{"rendered":"Podcast"},"content":{"rendered":"<h2 class=\"wp-block-heading\">Reggio-P\u00e4dagogik - Vom antifaschistischen Widerstand bis heute<\/h2>\n\n\n\n<p class=\"has-large-font-size\">Vom antifaschistischen Widerstand bis heute: Wie in Reggio Emilia die sch\u00f6nsten Kinderg\u00e4rten der Welt entstanden<\/p>\n\n\n\n<p><strong><em>Reggio-P\u00e4dagogik - Vom antifaschistischen Widerstand bis heute<\/em><\/strong> - Wie in Reggio Emilia die sch\u00f6nsten Kinderg\u00e4rten der Welt entstanden - ist ein dreiteiliger Podcast zur Entstehungsgeschichte der Bildungseinrichtungen f\u00fcr 0 bis 6-J\u00e4hrige in der Provinz Reggio Emilia.<\/p>\n\n\n\n<p>CREDITS<\/p>\n\n\n\n<p><strong><em>Reggio-P\u00e4dagogik - Vom antifaschistischen Widerstand bis heute<\/em><\/strong> wurde von Agnese Spinelli geschrieben.<br>Produzentin: Alexia Salati f\u00fcr Progettainfanzia<br>Consulenza storica: Adriano Arati, Massimo Storchi e Steffen Kreuseler &#8211; Istoreco<\/p>\n\n\n\n<p>Tongestaltung und Schnitt: Giuseppe Pugliese - Insomnia Studios<br>Nachbearbeitung: Giuseppe Pugliese, Adriano Arati<\/p>\n\n\n\n<p>F\u00fcr die italienische Fassung:<br>Stimmen: Cecilia Di Donato, Luca Cattani \u2013 MaMiM\u00f2 Theaterzentrum<br><br>F\u00fcr die englische Fassung:<br>Stimmen: Maria Francesca Rossi und Riccardo Bursi, Theaterzentrum MaMiM\u00f2<br>Dank auch an Antonia De Marco und Gianna Fontanesi<\/p>\n\n\n\n<p>F\u00fcr die deutsche Fassung:<br>Stimmen: Nadja Bennewitz, Heike Demmel, Chris Bellaj, Marco Schrage<br>Tongestaltung und Schnitt: Giuseppe Pugliese - Insomnia Studios, Heike Demmel<br>Nachbearbeitung: Chris Bellaj<br>Dank auch an Dieter Binz.<\/p>\n\n\n\n<p><\/p>\n\n\n\n<p>Der Podcast wird realisiert im Rahmen des EU-Projekts<em> The Most Beautiful of Our Days.<\/em><\/p>\n\n\n\n<p>Danke an Giacomina Castagnetti, Loretta Giaroni, Marta Lusuardi, Jone Bartoli, Maura Bussei, Manuela Davoli, Mariangela Brocchetti.<\/p>\n\n\n\n<p>Il podcast \u00e8 disponibile anche sulle principali piattaforme: <a href=\"https:\/\/open.spotify.com\/show\/28pmk3S9Ri3bn9KHpEwMKU?si=73a8af567a9f4d51\">Spotify<\/a>, <a href=\"https:\/\/music.amazon.it\/podcasts\/544e53dd-787d-4cfc-91e5-d2085f506ccf\/reggio-pdagogik\">Amazon Music<\/a>, <a href=\"https:\/\/www.audible.it\/podcast\/Reggio-Pdagogik\/B0D6NH11YT?action_code=ASSGB149080119000H&amp;share_location=pdp\">Audible<\/a>, <a href=\"https:\/\/podcasts.apple.com\/it\/podcast\/a-long-relay-race-pt-1\/id1749836998?i=1000657547609\">Apple Podcast<\/a>, IHeartRadio, Castbox, Deezer, Podcast Addict, PodChaser, JoSaavn<\/p>\n\n\n\n<p><\/p>\n\n\n\n<h2 class=\"wp-block-heading\">Italiano<\/h2>\n\n\n\n<div class=\"wp-block-columns is-layout-flex wp-container-core-columns-is-layout-d0b3c9c8 wp-block-columns-is-layout-flex\">\n<div class=\"wp-block-column is-layout-flow wp-block-column-is-layout-flow\" style=\"--col-width:100%;flex-basis:100%\">\n<p align=\"center\"><iframe loading=\"lazy\" width=\"100%\" height=\"120\" src=\"https:\/\/player-widget.mixcloud.com\/widget\/iframe\/?hide_cover=1&#038;light=1&#038;feed=%2Fistoreco%2Funa-lunga-staffetta-pt-1%2F\" frameborder=\"0\" ><\/iframe><\/p>\n<\/div>\n<\/div>\n\n\n\n<p align=\"center\"><iframe loading=\"lazy\" width=\"100%\" height=\"120\" src=\"https:\/\/player-widget.mixcloud.com\/widget\/iframe\/?hide_cover=1&#038;light=1&#038;feed=%2Fistoreco%2Funa-lunga-staffetta-pt-2%2F\" frameborder=\"0\" ><\/iframe><\/p>\n\n\n\n<p align=\"center\"><iframe loading=\"lazy\" width=\"100%\" height=\"120\" src=\"https:\/\/player-widget.mixcloud.com\/widget\/iframe\/?hide_cover=1&#038;light=1&#038;feed=%2Fistoreco%2Funa-lunga-staffetta-pt-3%2F\" frameborder=\"0\" ><\/iframe><\/p>\n\n\n\n<h2 class=\"wp-block-heading\">English<\/h2>\n\n\n\n<p align=\"center\"><iframe loading=\"lazy\" width=\"100%\" height=\"120\" src=\"https:\/\/player-widget.mixcloud.com\/widget\/iframe\/?hide_cover=1&#038;light=1&#038;feed=%2Fistoreco%2Fa-long-raley-race-pt-1%2F\" frameborder=\"0\" ><\/iframe><\/p>\n\n\n\n<p align=\"center\"><iframe loading=\"lazy\" width=\"100%\" height=\"120\" src=\"https:\/\/player-widget.mixcloud.com\/widget\/iframe\/?hide_cover=1&#038;light=1&#038;feed=%2Fistoreco%2Fa-long-raley-race-pt-2%2F\" frameborder=\"0\" ><\/iframe><\/p>\n\n\n\n<p align=\"center\"><iframe loading=\"lazy\" width=\"100%\" height=\"120\" src=\"https:\/\/player-widget.mixcloud.com\/widget\/iframe\/?hide_cover=1&#038;light=1&#038;feed=%2Fistoreco%2Fa-long-raley-race-pt-3%2F\" frameborder=\"0\" ><\/iframe><\/p>\n\n\n\n<h2 class=\"wp-block-heading\">Deutsch <\/h2>\n\n\n\n<p align=\"center\"><iframe loading=\"lazy\" width=\"100%\" height=\"120\" src=\"https:\/\/player-widget.mixcloud.com\/widget\/iframe\/?hide_cover=1&#038;light=1&#038;feed=%2Fistoreco%2Feine-lange-staffel-pt-1%2F\" frameborder=\"0\" ><\/iframe><\/p>\n\n\n\n<p align=\"center\"><iframe loading=\"lazy\" width=\"100%\" height=\"120\" src=\"https:\/\/player-widget.mixcloud.com\/widget\/iframe\/?hide_cover=1&#038;light=1&#038;feed=%2Fistoreco%2Feine-lange-staffel-pt-2%2F\" frameborder=\"0\" ><\/iframe><\/p>\n\n\n\n<p align=\"center\"><iframe loading=\"lazy\" width=\"100%\" height=\"120\" src=\"https:\/\/player-widget.mixcloud.com\/widget\/iframe\/?hide_cover=1&#038;light=1&#038;feed=%2Fistoreco%2Feine-lange-staffel-pt-3%2F\" frameborder=\"0\" ><\/iframe><\/p>","protected":false},"excerpt":{"rendered":"<p>Una lunga staffetta Dalla Resistenza ai giorni nostri: come nacquero a Reggio Emilia gli asili pi\u00f9 belli del mondo Una lunga staffetta \u00e8 il podcast in tre puntate che racconta la storia di come sono nati i servizi educativi 0-6 nel territorio di Reggio Emilia. CREDITS Una lunga staffetta \u00e8 stato scritto da Agnese Spinelli.Producer: [&hellip;]<\/p>","protected":false},"author":2,"featured_media":0,"parent":0,"menu_order":4,"comment_status":"closed","ping_status":"closed","template":"","meta":{"inline_featured_image":false,"footnotes":""},"class_list":["post-506","page","type-page","status-publish","hentry"],"_links":{"self":[{"href":"https:\/\/www.themostbeautifulofourdays.eu\/de\/wp-json\/wp\/v2\/pages\/506","targetHints":{"allow":["GET"]}}],"collection":[{"href":"https:\/\/www.themostbeautifulofourdays.eu\/de\/wp-json\/wp\/v2\/pages"}],"about":[{"href":"https:\/\/www.themostbeautifulofourdays.eu\/de\/wp-json\/wp\/v2\/types\/page"}],"author":[{"embeddable":true,"href":"https:\/\/www.themostbeautifulofourdays.eu\/de\/wp-json\/wp\/v2\/users\/2"}],"replies":[{"embeddable":true,"href":"https:\/\/www.themostbeautifulofourdays.eu\/de\/wp-json\/wp\/v2\/comments?post=506"}],"version-history":[{"count":38,"href":"https:\/\/www.themostbeautifulofourdays.eu\/de\/wp-json\/wp\/v2\/pages\/506\/revisions"}],"predecessor-version":[{"id":768,"href":"https:\/\/www.themostbeautifulofourdays.eu\/de\/wp-json\/wp\/v2\/pages\/506\/revisions\/768"}],"wp:attachment":[{"href":"https:\/\/www.themostbeautifulofourdays.eu\/de\/wp-json\/wp\/v2\/media?parent=506"}],"curies":[{"name":"wp","href":"https:\/\/api.w.org\/{rel}","templated":true}]}}

<h2 class="wp-block-heading">Reggio-Pädagogik - Vom antifaschistischen Widerstand bis heute</h2>



<p class="has-large-font-size">Vom antifaschistischen Widerstand bis heute: Wie in Reggio Emilia die schönsten Kindergärten der Welt entstanden</p>



<p><strong><em>Reggio-Pädagogik - Vom antifaschistischen Widerstand bis heute</em></strong> - Wie in Reggio Emilia die schönsten Kindergärten der Welt entstanden - ist ein dreiteiliger Podcast zur Entstehungsgeschichte der Bildungseinrichtungen für 0 bis 6-Jährige in der Provinz Reggio Emilia.</p>



<p>CREDITS</p>



<p><strong><em>Reggio-Pädagogik - Vom antifaschistischen Widerstand bis heute</em></strong> wurde von Agnese Spinelli geschrieben.<br>Produzentin: Alexia Salati für Progettainfanzia<br>Consulenza storica: Adriano Arati, Massimo Storchi e Steffen Kreuseler &#8211; Istoreco</p>



<p>Tongestaltung und Schnitt: Giuseppe Pugliese - Insomnia Studios<br>Nachbearbeitung: Giuseppe Pugliese, Adriano Arati</p>



<p>Für die italienische Fassung:<br>Stimmen: Cecilia Di Donato, Luca Cattani – MaMiMò Theaterzentrum<br><br>Für die englische Fassung:<br>Stimmen: Maria Francesca Rossi und Riccardo Bursi, Theaterzentrum MaMiMò<br>Dank auch an Antonia De Marco und Gianna Fontanesi</p>



<p>Für die deutsche Fassung:<br>Stimmen: Nadja Bennewitz, Heike Demmel, Chris Bellaj, Marco Schrage<br>Tongestaltung und Schnitt: Giuseppe Pugliese - Insomnia Studios, Heike Demmel<br>Nachbearbeitung: Chris Bellaj<br>Dank auch an Dieter Binz.</p>



<p></p>



<p>Der Podcast wird realisiert im Rahmen des EU-Projekts<em> The Most Beautiful of Our Days.</em></p>



<p>Danke an Giacomina Castagnetti, Loretta Giaroni, Marta Lusuardi, Jone Bartoli, Maura Bussei, Manuela Davoli, Mariangela Brocchetti.</p>



<p>Il podcast è disponibile anche sulle principali piattaforme: <a href="https://open.spotify.com/show/28pmk3S9Ri3bn9KHpEwMKU?si=73a8af567a9f4d51">Spotify</a>, <a href="https://music.amazon.it/podcasts/544e53dd-787d-4cfc-91e5-d2085f506ccf/reggio-pdagogik">Amazon Music</a>, <a href="https://www.audible.it/podcast/Reggio-Pdagogik/B0D6NH11YT?action_code=ASSGB149080119000H&amp;share_location=pdp">Audible</a>, <a href="https://podcasts.apple.com/it/podcast/a-long-relay-race-pt-1/id1749836998?i=1000657547609">Apple Podcast</a>, IHeartRadio, Castbox, Deezer, Podcast Addict, PodChaser, JoSaavn</p>



<p></p>



<h2 class="wp-block-heading">Italiano</h2>



<div class="wp-block-columns is-layout-flex wp-container-core-columns-is-layout-d0b3c9c8 wp-block-columns-is-layout-flex">
<div class="wp-block-column is-layout-flow wp-block-column-is-layout-flow" style="--col-width:100%;flex-basis:100%">
<p align="center"><iframe loading="lazy" width="100%" height="120" src="https://player-widget.mixcloud.com/widget/iframe/?hide_cover=1&#038;light=1&#038;feed=%2Fistoreco%2Funa-lunga-staffetta-pt-1%2F" frameborder="0" ></iframe></p>
</div>
</div>



<p align="center"><iframe loading="lazy" width="100%" height="120" src="https://player-widget.mixcloud.com/widget/iframe/?hide_cover=1&#038;light=1&#038;feed=%2Fistoreco%2Funa-lunga-staffetta-pt-2%2F" frameborder="0" ></iframe></p>



<p align="center"><iframe loading="lazy" width="100%" height="120" src="https://player-widget.mixcloud.com/widget/iframe/?hide_cover=1&#038;light=1&#038;feed=%2Fistoreco%2Funa-lunga-staffetta-pt-3%2F" frameborder="0" ></iframe></p>



<h2 class="wp-block-heading">English</h2>



<p align="center"><iframe loading="lazy" width="100%" height="120" src="https://player-widget.mixcloud.com/widget/iframe/?hide_cover=1&#038;light=1&#038;feed=%2Fistoreco%2Fa-long-raley-race-pt-1%2F" frameborder="0" ></iframe></p>



<p align="center"><iframe loading="lazy" width="100%" height="120" src="https://player-widget.mixcloud.com/widget/iframe/?hide_cover=1&#038;light=1&#038;feed=%2Fistoreco%2Fa-long-raley-race-pt-2%2F" frameborder="0" ></iframe></p>



<p align="center"><iframe loading="lazy" width="100%" height="120" src="https://player-widget.mixcloud.com/widget/iframe/?hide_cover=1&#038;light=1&#038;feed=%2Fistoreco%2Fa-long-raley-race-pt-3%2F" frameborder="0" ></iframe></p>



<h2 class="wp-block-heading">Deutsch </h2>



<p align="center"><iframe loading="lazy" width="100%" height="120" src="https://player-widget.mixcloud.com/widget/iframe/?hide_cover=1&#038;light=1&#038;feed=%2Fistoreco%2Feine-lange-staffel-pt-1%2F" frameborder="0" ></iframe></p>



<p align="center"><iframe loading="lazy" width="100%" height="120" src="https://player-widget.mixcloud.com/widget/iframe/?hide_cover=1&#038;light=1&#038;feed=%2Fistoreco%2Feine-lange-staffel-pt-2%2F" frameborder="0" ></iframe></p>



<p align="center"><iframe loading="lazy" width="100%" height="120" src="https://player-widget.mixcloud.com/widget/iframe/?hide_cover=1&#038;light=1&#038;feed=%2Fistoreco%2Feine-lange-staffel-pt-3%2F" frameborder="0" ></iframe></p>

<p>Una lunga staffetta Dalla Resistenza ai giorni nostri: come nacquero a Reggio Emilia gli asili più belli del mondo Una lunga staffetta è il podcast in tre puntate che racconta la storia di come sono nati i servizi educativi 0-6 nel territorio di Reggio Emilia. CREDITS Una lunga staffetta è stato scritto da Agnese Spinelli.Producer: [&hellip;]</p>
