{"id":847,"date":"2024-11-11T12:05:01","date_gmt":"2024-11-11T12:05:01","guid":{"rendered":"https:\/\/www.themostbeautifulofourdays.eu\/?page_id=847"},"modified":"2024-11-11T15:58:49","modified_gmt":"2024-11-11T15:58:49","slug":"link","status":"publish","type":"page","link":"https:\/\/www.themostbeautifulofourdays.eu\/de\/info-e-contatti\/link\/","title":{"rendered":"Link"},"content":{"rendered":"<p><strong>Albi della memoria<\/strong><br><br><a href=\"https:\/\/www.albimemoria-istoreco.re.it\/\">https:\/\/www.albimemoria-istoreco.re.it\/<\/a><br><br>Albi della Memoria ist ein offenes digitales Computerarchivierungsprojekt, das vom historischen Institut von Reggio Emilia \u2013 Istoreco ins Leben gerufen wurde, dank des Beitrags der Benutzer von Grund auf aufgebaut und geteilt wurde und auf die F\u00f6rderung und Verbreitung der Erinnerung an das 20. Jahrhundert abzielt in der Stadt Reggio Emilia und in seiner Provinz. Dank der in verschiedenen Archivbest\u00e4nden enthaltenen Informationen ist es heute anhand der Aufzeichnungen m\u00f6glich, die Erfahrungen der Bev\u00f6lkerung von Reggio von den Unabh\u00e4ngigkeitskriegen des 19. Jahrhunderts bis zum Zweiten Weltkrieg (1859 - 1945) zu rekonstruieren.<\/p>\n\n\n\n<hr class=\"wp-block-separator aligncenter has-text-color has-primary-color has-alpha-channel-opacity has-primary-background-color has-background is-style-tw-asterisks tw-block-animation tw-animation-fade-in-up\" style=\"margin-top:var(--wp--preset--spacing--40);margin-bottom:var(--wp--preset--spacing--40)\"\/>\n\n\n\n<p><strong>Die Frauen und die Schulen von Reggio Emilia<\/strong><br><br><a href=\"https:\/\/www.albimemoria-istoreco.re.it\/\">https:\/\/www.projektverlag.de\/Die-Frauen-und-die-Schulen-von-Reggio-Emilia?search=reggio<\/a><br><br>Frauen spielten in der Geschichte der reggianischen (Volks-)Kindertagesst\u00e4tten und Krippen (1943\u20131973) eine wesentliche Rolle. Das in diesem Buch pr\u00e4sentierte didaktische Bild-, Ton- und Textmaterial macht sie als zentrale Akteurinnen sichtbar und erinnert an das Engagement Hunderter Frauen f\u00fcr eine bis heute weltweit einzigartige Partizipation in Kindertageseinrichtungen. Es eignet sich f\u00fcr die Aus-, Fort- und Weiterbildung im deutsch- und englischsprachigen Raum. P\u00e4dagog*innen k\u00f6nnen sich mit den Erfahrungen und kollektiven Strategien der Frauen von Reggio Emilia auseinandersetzen und sie auf den eigenen gesellschaftlichen und beruflichen Kontext \u00fcbertragen.<br><br>Sabine Lingenauber | Janin L. von Niebelsch\u00fctz<br>Die Frauen und die Schulen von Reggio Emilia<br>Material f\u00fcr die Aus- und Weiterbildung reggioinspirierter P\u00e4dagog*innen<br>2023;110 Seiten (DIN A4, 4fbg.)<br>ISBN 978-3-89733-583-7<\/p>\n\n\n\n<hr class=\"wp-block-separator aligncenter has-text-color has-primary-color has-alpha-channel-opacity has-primary-background-color has-background is-style-tw-asterisks tw-block-animation tw-animation-fade-in-up\" style=\"margin-top:var(--wp--preset--spacing--40);margin-bottom:var(--wp--preset--spacing--40)\"\/>\n\n\n\n<p><strong>Un senso nel tempo<\/strong><br><br><a href=\"https:\/\/www.albimemoria-istoreco.re.it\/\">https:\/\/www.edizionilibre.it\/saggi-e-storie\/un-senso-nel-tempo\/<\/a><br><br>Der Weg von Bassa Reggiana in der Fr\u00fchp\u00e4dagogik hat weit entfernte Wurzeln, aber er besteht aus Frauen und M\u00e4nnern, die die Notwendigkeit verstanden haben, M\u00e4dchen und Jungen mit ihren Rechten in den Mittelpunkt zu stellen. Menschen, die die Bedeutung des F\u00fcrsorgens und Besch\u00fctzens erkannt haben, aber in dem wachsenden Bewusstsein \u2013 gegeben durch Erfahrung sowie durch theoretische Beobachtungen, die sich seit dem 19. Jahrhundert nicht nur in Europa vervielfachten \u2013 f\u00fcr die Notwendigkeit, sich aktiv an der St\u00e4rkung der Kultur der Kindheit zu beteiligen .<br><br>Alexia Salati<br>Un senso nel tempo<br>2018;150 pagine (DIN A5)<br>ISBN 978-88-99087-01-2<\/p>\n\n\n\n<p>Info: a.salati@progettinfanzia.it<\/p>\n\n\n\n<p>Englische Version verf\u00fcgbar<\/p>\n\n\n\n<hr class=\"wp-block-separator aligncenter has-text-color has-primary-color has-alpha-channel-opacity has-primary-background-color has-background is-style-tw-asterisks tw-block-animation tw-animation-fade-in-up\" style=\"margin-top:var(--wp--preset--spacing--40);margin-bottom:var(--wp--preset--spacing--40)\"\/>","protected":false},"excerpt":{"rendered":"<p>Albi della memoria https:\/\/www.albimemoria-istoreco.re.it\/ Albi della Memoria \u00e8 un progetto archivistico informatico digitale aperto, voluto dall\u2019istituto storico di Reggio Emilia \u2013 Istoreco, costruito e compartecipato dal basso, grazie al contributo degli utenti, e finalizzato alla promozione e diffusione della memoria del Novecento nella citt\u00e0 di Reggio Emilia e nella sua provincia. Attualmente, grazie all\u2019ausilio delle [&hellip;]<\/p>","protected":false},"author":2,"featured_media":0,"parent":42,"menu_order":1,"comment_status":"closed","ping_status":"closed","template":"","meta":{"inline_featured_image":false,"footnotes":""},"class_list":["post-847","page","type-page","status-publish","hentry"],"_links":{"self":[{"href":"https:\/\/www.themostbeautifulofourdays.eu\/de\/wp-json\/wp\/v2\/pages\/847","targetHints":{"allow":["GET"]}}],"collection":[{"href":"https:\/\/www.themostbeautifulofourdays.eu\/de\/wp-json\/wp\/v2\/pages"}],"about":[{"href":"https:\/\/www.themostbeautifulofourdays.eu\/de\/wp-json\/wp\/v2\/types\/page"}],"author":[{"embeddable":true,"href":"https:\/\/www.themostbeautifulofourdays.eu\/de\/wp-json\/wp\/v2\/users\/2"}],"replies":[{"embeddable":true,"href":"https:\/\/www.themostbeautifulofourdays.eu\/de\/wp-json\/wp\/v2\/comments?post=847"}],"version-history":[{"count":5,"href":"https:\/\/www.themostbeautifulofourdays.eu\/de\/wp-json\/wp\/v2\/pages\/847\/revisions"}],"predecessor-version":[{"id":852,"href":"https:\/\/www.themostbeautifulofourdays.eu\/de\/wp-json\/wp\/v2\/pages\/847\/revisions\/852"}],"up":[{"embeddable":true,"href":"https:\/\/www.themostbeautifulofourdays.eu\/de\/wp-json\/wp\/v2\/pages\/42"}],"wp:attachment":[{"href":"https:\/\/www.themostbeautifulofourdays.eu\/de\/wp-json\/wp\/v2\/media?parent=847"}],"curies":[{"name":"wp","href":"https:\/\/api.w.org\/{rel}","templated":true}]}}

<p><strong>Albi della memoria</strong><br><br><a href="https://www.albimemoria-istoreco.re.it/">https://www.albimemoria-istoreco.re.it/</a><br><br>Albi della Memoria ist ein offenes digitales Computerarchivierungsprojekt, das vom historischen Institut von Reggio Emilia – Istoreco ins Leben gerufen wurde, dank des Beitrags der Benutzer von Grund auf aufgebaut und geteilt wurde und auf die Förderung und Verbreitung der Erinnerung an das 20. Jahrhundert abzielt in der Stadt Reggio Emilia und in seiner Provinz. Dank der in verschiedenen Archivbeständen enthaltenen Informationen ist es heute anhand der Aufzeichnungen möglich, die Erfahrungen der Bevölkerung von Reggio von den Unabhängigkeitskriegen des 19. Jahrhunderts bis zum Zweiten Weltkrieg (1859 - 1945) zu rekonstruieren.</p>



<hr class="wp-block-separator aligncenter has-text-color has-primary-color has-alpha-channel-opacity has-primary-background-color has-background is-style-tw-asterisks tw-block-animation tw-animation-fade-in-up" style="margin-top:var(--wp--preset--spacing--40);margin-bottom:var(--wp--preset--spacing--40)"/>



<p><strong>Die Frauen und die Schulen von Reggio Emilia</strong><br><br><a href="https://www.albimemoria-istoreco.re.it/">https://www.projektverlag.de/Die-Frauen-und-die-Schulen-von-Reggio-Emilia?search=reggio</a><br><br>Frauen spielten in der Geschichte der reggianischen (Volks-)Kindertagesstätten und Krippen (1943–1973) eine wesentliche Rolle. Das in diesem Buch präsentierte didaktische Bild-, Ton- und Textmaterial macht sie als zentrale Akteurinnen sichtbar und erinnert an das Engagement Hunderter Frauen für eine bis heute weltweit einzigartige Partizipation in Kindertageseinrichtungen. Es eignet sich für die Aus-, Fort- und Weiterbildung im deutsch- und englischsprachigen Raum. Pädagog*innen können sich mit den Erfahrungen und kollektiven Strategien der Frauen von Reggio Emilia auseinandersetzen und sie auf den eigenen gesellschaftlichen und beruflichen Kontext übertragen.<br><br>Sabine Lingenauber | Janin L. von Niebelschütz<br>Die Frauen und die Schulen von Reggio Emilia<br>Material für die Aus- und Weiterbildung reggioinspirierter Pädagog*innen<br>2023;110 Seiten (DIN A4, 4fbg.)<br>ISBN 978-3-89733-583-7</p>



<hr class="wp-block-separator aligncenter has-text-color has-primary-color has-alpha-channel-opacity has-primary-background-color has-background is-style-tw-asterisks tw-block-animation tw-animation-fade-in-up" style="margin-top:var(--wp--preset--spacing--40);margin-bottom:var(--wp--preset--spacing--40)"/>



<p><strong>Un senso nel tempo</strong><br><br><a href="https://www.albimemoria-istoreco.re.it/">https://www.edizionilibre.it/saggi-e-storie/un-senso-nel-tempo/</a><br><br>Der Weg von Bassa Reggiana in der Frühpädagogik hat weit entfernte Wurzeln, aber er besteht aus Frauen und Männern, die die Notwendigkeit verstanden haben, Mädchen und Jungen mit ihren Rechten in den Mittelpunkt zu stellen. Menschen, die die Bedeutung des Fürsorgens und Beschützens erkannt haben, aber in dem wachsenden Bewusstsein – gegeben durch Erfahrung sowie durch theoretische Beobachtungen, die sich seit dem 19. Jahrhundert nicht nur in Europa vervielfachten – für die Notwendigkeit, sich aktiv an der Stärkung der Kultur der Kindheit zu beteiligen .<br><br>Alexia Salati<br>Un senso nel tempo<br>2018;150 pagine (DIN A5)<br>ISBN 978-88-99087-01-2</p>



<p>Info: a.salati@progettinfanzia.it</p>



<p>Englische Version verfügbar</p>



<hr class="wp-block-separator aligncenter has-text-color has-primary-color has-alpha-channel-opacity has-primary-background-color has-background is-style-tw-asterisks tw-block-animation tw-animation-fade-in-up" style="margin-top:var(--wp--preset--spacing--40);margin-bottom:var(--wp--preset--spacing--40)"/>

<p>Albi della memoria https://www.albimemoria-istoreco.re.it/ Albi della Memoria è un progetto archivistico informatico digitale aperto, voluto dall’istituto storico di Reggio Emilia – Istoreco, costruito e compartecipato dal basso, grazie al contributo degli utenti, e finalizzato alla promozione e diffusione della memoria del Novecento nella città di Reggio Emilia e nella sua provincia. Attualmente, grazie all’ausilio delle [&hellip;]</p>
